{"id":44,"date":"2024-06-17T02:55:09","date_gmt":"2024-06-17T02:55:09","guid":{"rendered":"https:\/\/truenoexperiencetours.com\/?page_id=44"},"modified":"2024-08-13T14:00:10","modified_gmt":"2024-08-13T20:00:10","slug":"schedule-your-trueno-experience","status":"publish","type":"page","link":"https:\/\/truenoexperiencetours.com\/?page_id=44","title":{"rendered":"Schedule\/Reservar"},"content":{"rendered":"\n<h2 class=\"wp-block-heading has-text-align-left has-contrast-color has-text-color has-link-color wp-elements-361c6487b6e51531f42bc47ceffdd76f\">Your TRUENO experience <\/h2>\n\n\n\n<p class=\"has-text-align-left has-contrast-color has-text-color has-link-color has-medium-font-size wp-elements-8d0f53c38677aef60e036b2da07de683\">*Prices will vary depending on the number of people and equipment needed. *Los precios variar\u00e1n dependiendo del n\u00famero de personas y equipo necesario.<\/p>\n\n\n\n<p class=\"has-text-align-left has-contrast-color has-text-color has-link-color has-medium-font-size wp-elements-dfd7a538fa07cd8f90c56140d3b015c5\">*Payment: Cash or Bank Transfer only.     *Pago: S\u00f3lo efectivo o transferencia bancaria.<\/p>\n\n\n\n<script>\n  if (typeof hasAmeliaEntitiesApiCall === 'undefined' && ('' === '' && '' !== '1')) {\n    var hasAmeliaEntitiesApiCall = true;\n  }\n  var ameliaShortcodeData = (typeof ameliaShortcodeData === 'undefined') ? [] : ameliaShortcodeData;\n  ameliaShortcodeData.push(\n    {\n      'hasApiCall': (typeof hasAmeliaEntitiesApiCall !== 'undefined') && hasAmeliaEntitiesApiCall,\n      'trigger': '',\n      'trigger_type': '',\n      'triggered_form': 'sbsNew',\n      'in_dialog': '',\n      'show': '',\n      'counter': '1000',\n      'category': '',\n      'service': '',\n      'employee': '',\n      'location': '',\n      'package': '',\n      'layout': '',\n    }\n  );\n\n  var ameliaShortcodeDataTriggered = (typeof ameliaShortcodeDataTriggered === 'undefined') ? [] : ameliaShortcodeDataTriggered;\n  if (ameliaShortcodeData[ameliaShortcodeData.length - 1].trigger !== '') {\n    if (ameliaShortcodeDataTriggered.filter(a => a.counter === ameliaShortcodeData[ameliaShortcodeData.length - 1].counter).length === 0) {\n      ameliaShortcodeDataTriggered.push(ameliaShortcodeData.pop());\n    } else {\n      ameliaShortcodeData.pop()\n    }\n  }\n  if (typeof hasAmeliaEntitiesApiCall !== 'undefined' && hasAmeliaEntitiesApiCall) {\n    hasAmeliaEntitiesApiCall = false;\n  }\n<\/script>\n\n<div\n  id=\"amelia-v2-booking-1000\"\n  class=\"amelia-v2-booking\"\n >\n    <step-form-wrapper><\/step-form-wrapper><\/div>\n","protected":false},"excerpt":{"rendered":"<p>Your TRUENO experience *Prices will vary depending on the number of people and equipment needed. *Los precios variar\u00e1n dependiendo del n\u00famero de personas y equipo necesario. *Payment: Cash or Bank Transfer only. *Pago: S\u00f3lo efectivo o transferencia bancaria.<\/p>\n","protected":false},"author":1,"featured_media":0,"parent":0,"menu_order":0,"comment_status":"closed","ping_status":"closed","template":"","meta":{"footnotes":""},"class_list":["post-44","page","type-page","status-publish","hentry"],"_links":{"self":[{"href":"https:\/\/truenoexperiencetours.com\/index.php?rest_route=\/wp\/v2\/pages\/44","targetHints":{"allow":["GET"]}}],"collection":[{"href":"https:\/\/truenoexperiencetours.com\/index.php?rest_route=\/wp\/v2\/pages"}],"about":[{"href":"https:\/\/truenoexperiencetours.com\/index.php?rest_route=\/wp\/v2\/types\/page"}],"author":[{"embeddable":true,"href":"https:\/\/truenoexperiencetours.com\/index.php?rest_route=\/wp\/v2\/users\/1"}],"replies":[{"embeddable":true,"href":"https:\/\/truenoexperiencetours.com\/index.php?rest_route=%2Fwp%2Fv2%2Fcomments&post=44"}],"version-history":[{"count":5,"href":"https:\/\/truenoexperiencetours.com\/index.php?rest_route=\/wp\/v2\/pages\/44\/revisions"}],"predecessor-version":[{"id":556,"href":"https:\/\/truenoexperiencetours.com\/index.php?rest_route=\/wp\/v2\/pages\/44\/revisions\/556"}],"wp:attachment":[{"href":"https:\/\/truenoexperiencetours.com\/index.php?rest_route=%2Fwp%2Fv2%2Fmedia&parent=44"}],"curies":[{"name":"wp","href":"https:\/\/api.w.org\/{rel}","templated":true}]}}